c + 0*c - 37 = -4*b. List the prime factors of c.
7
Let y = 194 - 121. What are the prime factors of y?
73
Let w = 140 - -176. List the prime factors of w.
2, 79
Suppose -2*y = 2*z - 240, 2*y + 236 = 4*y - 2*z. List the prime factors of y.
7, 17
Let x = 6 - 6. Suppose 5*v - 59 = 2*h, x = 4*h - 5*h + 3. What are the prime factors of v?
13
Let f(d) be the second derivative of -d**4/12 + 7*d**3/6 - 2*d**2 - d. Let g be f(6). Suppose g - 7 = -w. List the prime factors of w.
5
Suppose 0 = -2*k + t + 10 - 3, 3*k - 18 = -t. Suppose -k*h + 13 = -17. Suppose h*f - 2*f - 36 = 0. List the prime factors of f.
3
Let j(i) = i**3 + 8*i**2 + 3*i - 6. List the prime factors of j(-7).
2, 11
Suppose 1602 = 8*u - 374. List the prime factors of u.
13, 19
Let h(i) be the third derivative of -i**6/120 - i**5/12 + i**4/4 + i**3 + 3*i**2. Let o be h(-6). Suppose o*b - 4*b - 30 = 0. What are the prime factors of b?
3, 5
What are the prime factors of -3 - ((-2 - 1) + -45)?
3, 5
Let d(b) = b**2 + 7*b + 6. Let x be d(-6). Suppose 4*f - 3*v - 157 = x, 3*f + 6*v - 4*v = 139. List the prime factors of f.
43
Suppose c - 8 = -2*j, -4*c - 35 + 7 = -4*j. Let m(o) = o**2 + 4*o + 1. Let p be m(-4). Let z = j + p. What are the prime factors of z?
2, 3
List the prime factors of 34 - (2 + 0) - 0.
2
Let m(w) = 13*w + 7. Let t be m(6). Suppose -5*u = 0, 2*r + 3*r - t = 3*u. What are the prime factors of r?
17
Suppose 0 = -w - 99 - 17. Let b = -82 - w. List the prime factors of b.
2, 17
Let c(k) = k**3 - 4*k**2 + 3*k - 6. Let n(w) = -1. Let u(x) = c(x) - 5*n(x). Let s be 4 + 1/4*0. What are the prime factors of u(s)?
11
Let n be ((-11)/2)/(2/4). Let u = n + 16. Suppose -15 = -5*m + 5*i, 4*m - 18 = -3*i + u*i. What are the prime factors of m?
2, 3
Suppose 0 = 5*r - 226 - 179. What are the prime factors of r?
3
Let f(c) = -c**3 + 5*c**2 - 4*c. Let s(r) = r + 9. Let b be s(0). Suppose -y - 2*y + b = 0. What are the prime factors of f(y)?
2, 3
Suppose 3*k - 12 = -b, -3*b - 5*k = -47 + 15. List the prime factors of b.
3
List the prime factors of 7/(-14) + (-134)/(-4).
3, 11
Let z be -2*(-5)/((-10)/(-4)). Suppose 2*s + 2*s = 12. Suppose z*h - 22 = s*h. List the prime factors of h.
2, 11
Suppose -5*n = -l - 438 - 141, -3 = -3*l. What are the prime factors of n?
2, 29
Let p(n) = -n - 5. Let y be p(-5). Suppose y = u - 3*u + 16. List the prime factors of u.
2
Let p = 530 + -340. What are the prime factors of p?
2, 5, 19
Suppose -4*c + 5*i = -6, i + 6 = 4*i. Suppose -3*m + c = 19. List the prime factors of ((-11)/m)/((-1)/(-5)).
11
What are the prime factors of (-9)/(-9)*(1 + 2)?
3
Let u be ((-30)/8)/((-4)/16). Let p = u + 9. Let c = p + -17. List the prime factors of c.
7
Let a(b) = 4*b. Let n be a(2). Suppose -f = -3*f - v - 12, f = 3*v - 6. Let u = n + f. List the prime factors of u.
2
Let y = 13 - 7. Suppose -3*i = d + 2*d + y, -2*d - 1 = i. What are the prime factors of d + 3*(-3)/(-3)?
2
Let l(t) = t**2 + 4*t + 17. What are the prime factors of l(8)?
113
Let z = 200 + -31. What are the prime factors of z?
13
Suppose -139*z + 140*z = 201. List the prime factors of z.
3, 67
Let z be (10/(-4))/((-1)/(-14)). Let x = -17 - 1. Let f = x - z. What are the prime factors of f?
17
Suppose 6*s + 0*s = 318. List the prime factors of s.
53
Let o(j) = j - 5. Let y be o(8). Suppose 2*c = -4*a - c - 3, -24 = -y*a + 3*c. List the prime factors of a.
3
Let g = 7 + -3. Suppose g*v + 52 = -4*f, -5*v = -3*f + 79 + 10. List the prime factors of (-6)/8*v/4.
3
Suppose -2*i - i - 186 = -4*g, i + 5*g = -62. Let k = i - -87. List the prime factors of k.
5
Let g = -16 + 34. List the prime factors of g.
2, 3
List the prime factors of -33*(1 - (3 - 1)).
3, 11
Suppose 3*k - 1 = -10. List the prime factors of (k - -6)/((-1)/(-3)).
3
Suppose 5*i - 73 = -3. Suppose -i = -k - k. Suppose -k*p + 3*p + 40 = 0. List the prime factors of p.
2, 5
Let j(s) be the first derivative of s**5/20 + s**4/2 + s**3 + 2*s - 2. Let g(p) be the first derivative of j(p). List the prime factors of g(-4).
2
List the prime factors of (-1 - 87/(-2))/((-3)/(-12)).
2, 5, 17
Let u be (-8)/(-3)*(-39)/(-4). Let a = 44 - u. List the prime factors of a.
2, 3
Suppose 601 = 2*k + a, 0 = -3*k + k - 2*a + 600. What are the prime factors of k?
7, 43
Suppose 3*g - 6 - 156 = 0. Let j = -22 + 40. What are the prime factors of (12/j)/(4/g)?
3
Let h = -8 + 72. List the prime factors of h.
2
Let i = 10 + -7. Let h be i + -1 + 0/2. List the prime factors of ((-3)/5)/(h/(-10)).
3
Let k be (6/(-4))/((-2)/32). Let u = -11 + k. List the prime factors of u.
13
Suppose 2*b - 1 + 3 = 0. Let y = b - 3. Let k = 1 - y. List the prime factors of k.
5
Suppose -2*y + 4 = -0*y + 4*o, y = 2*o - 10. Let b(f) = -f**2 + 8*f - 9. Let k be b(6). What are the prime factors of (-8)/k*18/y?
2, 3
Let j be 12/(-15)*(-30)/3. What are the prime factors of j + 10 + (-1 - 1)?
2
Let n(i) = 4*i - 10. Let l be (42/(-9))/(-2)*3. List the prime factors of n(l).
2, 3
Suppose -2*f - 8 + 43 = z, -z + 2*f + 35 = 0. List the prime factors of z.
5, 7
Let o = 2 - -3. Suppose o*j = -3 - 2, 5*n + 5*j - 110 = 0. What are the prime factors of n?
23
Suppose 0 = 5*q - 4*i - 281, -3*q + 104 = -2*i - 63. List the prime factors of q.
53
Suppose -3*o - 2*o = -40. Let g be (-1)/(-3) + o/3. Suppose 0*f + 5*h = -g*f + 15, -20 = -4*f + h. What are the prime factors of f?
5
Suppose 5*j - 90 = 55. Suppose 5*c = -25, -4*c - 110 = 3*g + 2*g. Let t = g + j. What are the prime factors of t?
11
List the prime factors of (294/24)/(2/8).
7
Suppose -10 = -3*a - 4*q, -5*a + 2*q + 53 + 7 = 0. Suppose 2*i - a = -3*i. List the prime factors of i.
2
Let d(j) = j**3 - 2*j + 1. Let i be 0/(3 + (2 - 4)). Suppose -2*o + 4 = -i*o. What are the prime factors of d(o)?
5
Suppose 27 = 3*o + v + 3*v, 4*o + 3*v - 29 = 0. Let f(y) = y**3 - 5*y**2 - 6. Let n be f(o). List the prime factors of 3/(-6)*n + 2.
5
Let j(b) = 16*b**2 + 5*b + 5. List the prime factors of j(-2).
59
Let r(z) = 4*z + 4. Let p(x) = x. Let j be p(4). What are the prime factors of r(j)?
2, 5
Let w(q) = 4*q + 11. Let x(f) = -f + 1. Let h(b) = -w(b) + 3*x(b). List the prime factors of h(-5).
3
List the prime factors of (4 - -88)/4 - -2.
5
Let k = -39 - -96. What are the prime factors of k?
3, 19
Suppose -4*a = -3*a - 30. List the prime factors of (-5)/a + (-121)/(-6).
2, 5
Suppose -v + 4*v = 87. What are the prime factors of v?
29
Suppose -3*t = 4 - 1. Let m be (-1)/(t/5*-1). What are the prime factors of (-2)/m + 39/15?
3
List the prime factors of ((-1)/3)/(14/(-378)).
3
Suppose 4*z = 692 + 576. Suppose -5*f + 92 = z. Let s = -25 - f. What are the prime factors of s?
2, 5
Suppose 0*k + 125 = 5*k. List the prime factors of k.
5
Suppose -3*t = 2*t. Suppose 0 = -d - t*d + 19. Let v = -9 + d. List the prime factors of v.
2, 5
Suppose 437 = 5*m - 58. What are the prime factors of m?
3, 11
Let p(t) = t**2 - 4. Let r be p(3). List the prime factors of 15 + -1 + r + -1.
2, 3
Let p = 80 - 27. List the prime factors of p.
53
Suppose 3*t + n - 15 = 0, 4*t - 15 = -5*n + 16. Suppose -y - t*y + 5*z = -35, -4*z - 3 = y. What are the prime factors of y?
5
Let g be 0/2*(-3)/3. Let m be (g - 7)*(-2 - 1). Let n = m + -11. What are the prime factors of n?
2, 5
Suppose 2*y - 4*y - 30 = 0. Let r = 0 - y. List the prime factors of r.
3, 5
Let z(h) = h**2 + 14*h + 19. Let b(r) = -3*r + 1. Let q be b(5). List the prime factors of z(q).
19
Let c be (10 - -5) + -2 + 3. Suppose -d + u - 3*u = -c, 128 = 5*d - 2*u. List the prime factors of d.
2, 3
Let i(o) = -o**3 - 4*o**2 - 4*o - 1. Let k be i(-3). Suppose -2*y + y = -3*v + 120, 97 = k*v + 5*y. What are the prime factors of v?
41
Let y = 28 - 63. Let u = y + 49. List the prime factors of u.
2, 7
Suppose -7*v + 20 = -3*v, -v - 2 = -x. Let m(k) = k + 2. List the prime factors of m(x).
3
Suppose -2*p = p + 12. List the prime factors of (-30)/p*(-40)/(-12).
5
Suppose 2*y - 4*n = -0 + 14, -4*y - 5*n = -15. Let u be (-9)/2*(-8)/6. Suppose 0 = 2*h + 3*r - 5*r - u, -y*h + 2*r = -21. What are the prime factors of h?
5
Suppose 46 = r - 67. What are the prime factors of r?
113
Let t(m) be the third derivative of -m**4/4 - m**3/6 - 2*m**2. What are the prime factors of t(-4)?
23
Let b(i) = 1. Let p(g) = -2*g - 13. Let n = 5 + -3. Let z(o) = n*b(o) + p(o). List the